0943?
1
What is the units digit of 3222502?
2
What is the units digit of 1025168?
8
What is the tens digit of 48931?
3
What is the millions digit of 8578083?
8
What is the ten thousands digit of 686106?
8
What is the tens digit of 7130578?
7
What is the ten millions digit of 12607414?
1
What is the units digit of 7725339?
9
What is the ten millions digit of 13269927?
1
What is the tens digit of 702392?
9
What is the units digit of 864382?
2
What is the hundreds digit of 4412655?
6
What is the tens digit of 44406?
0
What is the ten thousands digit of 550197?
5
What is the ten millions digit of 14428075?
1
What is the ten thousands digit of 6547187?
4
What is the units digit of 892469?
9
What is the millions digit of 4457462?
4
What is the thousands digit of 414574?
4
What is the thousands digit of 9041745?
1
What is the ten thousands digit of 14371062?
7
What is the tens digit of 685468?
6
What is the ten millions digit of 22821930?
2
What is the tens digit of 14458919?
1
What is the thousands digit of 6082674?
2
What is the tens digit of 345332?
3
What is the hundreds digit of 601957?
9
What is the ten thousands digit of 27036416?
3
What is the tens digit of 57400?
0
What is the tens digit of 3551032?
3
What is the millions digit of 23012365?
3
What is the tens digit of 14303486?
8
What is the hundred thousands digit of 4967223?
9
What is the units digit of 209940?
0
What is the thousands digit of 1007895?
7
What is the tens digit of 3090664?
6
What is the thousands digit of 11384757?
4
What is the ten thousands digit of 29194674?
9
What is the hundreds digit of 1810724?
7
What is the hundreds digit of 302667?
6
What is the thousands digit of 19689456?
9
What is the thousands digit of 771092?
1
What is the tens digit of 74801?
0
What is the ten thousands digit of 170069?
7
What is the hundred thousands digit of 829243?
8
What is the thousands digit of 78942?
8
What is the hundred thousands digit of 232159?
2
What is the units digit of 2706432?
2
What is the hundred thousands digit of 481411?
4
What is the ten thousands digit of 527163?
2
What is the hundred thousands digit of 13678231?
6
What is the tens digit of 2075437?
3
What is the units digit of 349907?
7
What is the tens digit of 12656?
5
What is the thousands digit of 20487044?
7
What is the tens digit of 14217831?
3
What is the hundred thousands digit of 12994493?
9
What is the tens digit of 16233014?
1
What is the hundred thousands digit of 533063?
5
What is the hundred thousands digit of 12354115?
3
What is the units digit of 598434?
4
What is the hundreds digit of 2711812?
8
What is the units digit of 243231?
1
What is the thousands digit of 22826420?
6
What is the units digit of 2201363?
3
What is the units digit of 20235?
5
What is the tens digit of 3887892?
9
What is the tens digit of 139488?
8
What is the hundred thousands digit of 3489994?
4
What is the hundred thousands digit of 216895?
2
What is the units digit of 3400105?
5
What is the hundred thousands digit of 34690685?
6
What is the millions digit of 1387682?
1
What is the ten millions digit of 38489664?
3
What is the thousands digit of 2060156?
0
What is the hundreds digit of 8238106?
1
What is the hundreds digit of 2555364?
3
What is the tens digit of 5256143?
4
What is the thousands digit of 81508?
1
What is the thousands digit of 804293?
4
What is the units digit of 90554?
4
What is the hundreds digit of 29377065?
0
What is the tens digit of 4048533?
3
What is the tens digit of 288131?
3
What is the hundred thousands digit of 231035?
2
What is the thousands digit of 52610?
2
What is the units digit of 10715593?
3
What is the thousands digit of 183654?
3
What is the ten thousands digit of 272305?
7
What is the tens digit of 177878?
7
What is the units digit of 7348?
8
What is the ten thousands digit of 22066312?
6
What is the hundreds digit of 70929?
9
What is the ten millions digit of 33784713?
3
What is the thousands digit of 980367?
0
What is the millions digit of 31320278?
1
What is the units digit of 303065?
5
What is the hundreds digit of 788886?
8
What is the thousands digit of 4174016?
4
What is the ten thousands digit of 3313241?
1
What is the hundreds digit of 495811?
8
What is the hundreds digit of 500884?
8
What is the hundred thousands digit of 413259?
4
What is the hundreds digit of 215517?
5
What is the hundreds digit of 119332?
3
What is the hundred thousands digit of 3849402?
8
What is the ten thousands digit of 10348140?
4
What is the units digit of 212788?
8
What is the ten thousands digit of 2024828?
2
What is the thousands digit of 261132?
1
What is the units digit of 25701199?
9
What is the ten thousands digit of 224821?
2
What is the units digit of 1486088?
8
What is the millions digit of 13362475?
3
What is the tens digit of 3370639?
3
What is the millions digit of 1286978?
1
What is the units digit of 4453812?
2
What is the thousands digit of 86281?
6
What is the millions digit of 36297254?
6
What is the units digit of 138248?
8
What is the hundred thousands digit of 4702194?
7
What is the units digit of 9687174?
4
What is the tens digit of 2737316?
1
What is the units digit of 1984678?
8
What is the ten thousands digit of 10478753?
7
What is the millions digit of 6944708?
6
What is the thousands digit of 410363?
0
What is the hundred thousands digit of 1345711?
3
What is the units digit of 404780?
0
What is the hundreds digit of 2696820?
8
What is the hundreds digit of 1866064?
0
What is the hundred thousands digit of 8418599?
4
What is the units digit of 145971?
1
What is the ten thousands digit of 455359?
5
What is the tens digit of 7594966?
6
What is the hundreds digit of 12077086?
0
What is the units digit of 491413?
3
What is the hundreds digit of 521866?
8
What is the ten thousands digit of 10083579?
8
What is the units digit of 242117?
7
What is the hundreds digit of 1341645?
6
What is the ten thousands digit of 33127444?
2
What is the tens digit of 308523?
2
What is the thousands digit of 6389916?
9
What is the ten thousands digit of 785284?
8
What is the thousands digit of 94222?
4
What is the thousands digit of 2089326?
9
What is the units digit of 5399237?
7
What is the millions digit of 4075655?
4
What is the ten thousands digit of 52664?
5
What is the tens digit of 490922?
2
What is the ten thousands digit of 11451956?
5
What is the ten thousands digit of 279860?
7
What is the hundred thousands digit of 609558?
6
What is the hundreds digit of 145295?
2
What is the tens digit of 6107928?
2
What is the hundreds digit of 7388867?
8
What is the hundreds digit of 71229?
2
What is the tens digit of 8116960?
6
What is the hundred thousands digit of 5743760?
7
What is the units digit of 30452?
2
What is the hundred thousands digit of 847984?
8
What is the hundreds digit of 185049?
0
What is the tens digit of 76782?
8
What is the hundred thousands digit of 3005979?
0
What is the tens digit of 528997?
9
What is the hundred thousands digit of 6031629?
0
What is the units digit of 7071009?
9
What is the hundreds digit of 5235302?
3
What is the hundreds digit of 31032500?
5
What is the thousands digit of 5725527?
5
What is the hundred thousands digit of 4035786?
0
What is the ten thousands digit of 936407?
3
What is the ten millions digit of 14574859?
1
What is the thousands digit of 142188?
2
What is the hundreds digit of 47329?
3
What is the tens digit of 2583?
8
What is the thousands digit of 11439138?
9
What is the tens digit of 29561?
6
What is the ten thousands digit of 7563846?
6
What is the millions digit of 1290115?
1
What is the hundreds digit of 798393?
3
What is the tens digit of 4457669?
6
What is the units digit of 90455?
5
What is the tens digit of 4573482?
8
What is the thousands digit of 71701?
1
What is the ten millions digit of 20187813?
2
What is the hundreds digit of 11103448?
4
What is the millions digit of 13706281?
3
What is the ten thousands digit of 136686?
3
What is the ten thousands digit of 128165?
2
What is the tens digit of 2672710?
1
What is the thousands digit of 427515?
7
What is the units digit of 408660?
0
What is the hundreds digit of 257517?
5
What is the hundred thousands digit of 1944043?
9
What is the units digit of 36052?
2
What is the thousands d